{"id":914,"date":"2018-08-29T16:42:50","date_gmt":"2018-08-29T19:42:50","guid":{"rendered":"https:\/\/isfd54-bue.infd.edu.ar\/sitio\/educacion-secundaria\/"},"modified":"2022-11-01T12:53:41","modified_gmt":"2022-11-01T15:53:41","slug":"educacion-secundaria","status":"publish","type":"page","link":"https:\/\/isfd54-bue.infd.edu.ar\/sitio\/educacion-secundaria\/","title":{"rendered":"Educaci\u00f3n secundaria"},"content":{"rendered":"<table style=\"border: 3px solid #000000; background-color: #d3fbb0;\" border=\"3\">\n<tbody>\n<tr>\n<td colspan=\"2\">\n<p style=\"text-align: center;\"><span style=\"text-decoration: underline;\"><strong><span style=\"font-family: 'comic sans ms', sans-serif; font-size: 10pt;\">N\u00f3mina de Profesores<\/span><\/strong><\/span><\/p>\n<\/td>\n<\/tr>\n<tr>\n<td colspan=\"2\"><strong><span style=\"font-family: 'comic sans ms', sans-serif; font-size: 10pt;\"><a title=\"Profesores de Historia\" href=\"index.cgi?wid_item=38&amp;wid_seccion=20\">Historia<\/a><\/span><\/strong><\/td>\n<\/tr>\n<tr>\n<td colspan=\"2\"><strong><span style=\"font-family: 'comic sans ms', sans-serif; font-size: 10pt;\"><a title=\"Profesores de Geograf\u00eda\" href=\"index.cgi?wid_item=53&amp;wid_seccion=20\">Geograf\u00eda<\/a><\/span><\/strong><\/td>\n<\/tr>\n<tr>\n<td colspan=\"2\"><strong><span style=\"font-family: 'comic sans ms', sans-serif; font-size: 10pt;\"><a title=\"Profesores de Matem\u00e1tica\" href=\"index.cgi?wid_item=52&amp;wid_seccion=20\">Matem\u00e1tica<\/a><\/span><\/strong><\/td>\n<\/tr>\n<tr>\n<td colspan=\"2\"><strong><span style=\"font-family: 'comic sans ms', sans-serif; font-size: 10pt;\"><a title=\"Profesores de Geograf\u00eda\" href=\"https:\/\/isfd54-bue.infd.edu.ar\/sitio\/?page_id=2987\">Biolog\u00eda<\/a><\/span><\/strong><\/td>\n<\/tr>\n<tr>\n<td rowspan=\"4\"><strong><span style=\"font-family: 'comic sans ms', sans-serif; font-size: 10pt;\">Dise\u00f1o Curricular\u00a0<\/span><\/strong><\/td>\n<td><strong><span style=\"font-family: 'comic sans ms', sans-serif; font-size: 10pt;\"><a class=\"LinkModi\" title=\"https:\/\/isfd54-bue.infd.edu.ar\/aula\/archivos\/repositorio\/\/0\/94\/secundaria1.pdf\" href=\"https:\/\/isfd54-bue.infd.edu.ar\/aula\/archivos\/repositorio\/\/0\/94\/secundaria1.pdf\" target=\"_NEW\" rel=\"noopener\">Primer A\u00f1o\u00a0<\/a><\/span><\/strong><\/td>\n<\/tr>\n<tr>\n<td><strong><span style=\"font-family: 'comic sans ms', sans-serif; font-size: 10pt;\"><a class=\"LinkModi\" title=\"https:\/\/isfd54-bue.infd.edu.ar\/aula\/archivos\/repositorio\/\/0\/91\/secundaria2.pdf\" href=\"https:\/\/isfd54-bue.infd.edu.ar\/aula\/archivos\/repositorio\/\/0\/91\/secundaria2.pdf\" target=\"_NEW\" rel=\"noopener\">Segundo A\u00f1o\u00a0<\/a> \u00a0 \u00a0\u00a0<\/span><\/strong><\/td>\n<\/tr>\n<tr>\n<td><strong><span style=\"font-family: 'comic sans ms', sans-serif; font-size: 10pt;\"><a class=\"LinkModi\" title=\"https:\/\/isfd54-bue.infd.edu.ar\/aula\/archivos\/repositorio\/\/0\/91\/secundaria2.pdf\" href=\"https:\/\/isfd54-bue.infd.edu.ar\/aula\/archivos\/repositorio\/\/0\/91\/secundaria2.pdf\" target=\"_NEW\" rel=\"noopener\">Tercer A\u00f1o<\/a><\/span><\/strong><\/td>\n<\/tr>\n<tr>\n<td><strong><span style=\"font-family: 'comic sans ms', sans-serif; font-size: 10pt;\"><a class=\"LinkModi\" title=\"https:\/\/isfd54-bue.infd.edu.ar\/aula\/archivos\/repositorio\/\/0\/92\/marco_general_ciclo_superior.pdf\" href=\"https:\/\/isfd54-bue.infd.edu.ar\/aula\/archivos\/repositorio\/\/0\/92\/marco_general_ciclo_superior.pdf\" target=\"_NEW\" rel=\"noopener\">Secundaria Superior<\/a><\/span><\/strong><\/td>\n<\/tr>\n<\/tbody>\n<\/table>\n<table style=\"border-color: #000000; border-width: 3px; background-color: #d3fbb0;\" border=\"3\">\n<tbody>\n<tr>\n<td><span style=\"font-family: 'comic sans ms', sans-serif; font-size: 10pt;\"><strong>Instituciones Asociadas \u00a0 \u00a0 \u00a0 \u00a0 \u00a0 \u00a0 \u00a0 \u00a0\u00a0<\/strong><\/span><\/td>\n<\/tr>\n<tr>\n<td><span style=\"font-family: 'comic sans ms', sans-serif; font-size: 10pt;\"><strong>Documento de Trabajo<\/strong><\/span><\/td>\n<\/tr>\n<tr>\n<td><span style=\"font-family: 'comic sans ms', sans-serif; font-size: 10pt;\"><strong>Agenda<\/strong><\/span><\/td>\n<\/tr>\n<\/tbody>\n<\/table>\n","protected":false},"excerpt":{"rendered":"<p>N\u00f3mina de Profesores Historia Geograf\u00eda Matem\u00e1tica Biolog\u00eda Dise\u00f1o Curricular\u00a0 Primer A\u00f1o\u00a0 Segundo A\u00f1o\u00a0 \u00a0 \u00a0\u00a0 Tercer A\u00f1o Secundaria Superior Instituciones Asociadas \u00a0 \u00a0 \u00a0 \u00a0 \u00a0 \u00a0 \u00a0 \u00a0\u00a0 Documento de Trabajo Agenda<\/p>\n","protected":false},"author":275,"featured_media":0,"parent":0,"menu_order":0,"comment_status":"closed","ping_status":"closed","template":"","meta":[],"acf":[],"_links":{"self":[{"href":"https:\/\/isfd54-bue.infd.edu.ar\/sitio\/wp-json\/wp\/v2\/pages\/914"}],"collection":[{"href":"https:\/\/isfd54-bue.infd.edu.ar\/sitio\/wp-json\/wp\/v2\/pages"}],"about":[{"href":"https:\/\/isfd54-bue.infd.edu.ar\/sitio\/wp-json\/wp\/v2\/types\/page"}],"author":[{"embeddable":true,"href":"https:\/\/isfd54-bue.infd.edu.ar\/sitio\/wp-json\/wp\/v2\/users\/275"}],"replies":[{"embeddable":true,"href":"https:\/\/isfd54-bue.infd.edu.ar\/sitio\/wp-json\/wp\/v2\/comments?post=914"}],"version-history":[{"count":1,"href":"https:\/\/isfd54-bue.infd.edu.ar\/sitio\/wp-json\/wp\/v2\/pages\/914\/revisions"}],"predecessor-version":[{"id":2993,"href":"https:\/\/isfd54-bue.infd.edu.ar\/sitio\/wp-json\/wp\/v2\/pages\/914\/revisions\/2993"}],"wp:attachment":[{"href":"https:\/\/isfd54-bue.infd.edu.ar\/sitio\/wp-json\/wp\/v2\/media?parent=914"}],"curies":[{"name":"wp","href":"https:\/\/api.w.org\/{rel}","templated":true}]}}