{"id":844,"date":"2018-08-29T16:42:20","date_gmt":"2018-08-29T19:42:20","guid":{"rendered":"https:\/\/isfd54-bue.infd.edu.ar\/sitio\/normativas\/"},"modified":"2024-12-23T16:15:59","modified_gmt":"2024-12-23T19:15:59","slug":"normativas","status":"publish","type":"page","link":"https:\/\/isfd54-bue.infd.edu.ar\/sitio\/normativas\/","title":{"rendered":"Normativas"},"content":{"rendered":"<h5>&#8212;&#8212;&#8212;&#8212;&#8212;&#8212;&#8212;&#8212;&#8212;&#8212;&#8212;&#8212;&#8212;&#8212;&#8212;&#8212;&#8212;&#8212;&#8212;&#8212;&#8212;&#8212;&#8212;&#8212;&#8212;&#8212;&#8212;&#8212;&#8211;<\/h5>\n<h5><strong>NUEVO REGIMEN ACAD\u00c9MICO PARA EL NIVEL SUPERIOR<\/strong><\/h5>\n<p><strong>R\u00e9gimen Acad\u00e9mico Marco para el Nivel Superior (Resoluci\u00f3n 4196\/24) Anexo 1 Principios y disposicones generales. <span style=\"color: #0000ff;\"><a style=\"color: #0000ff;\" href=\"https:\/\/drive.google.com\/file\/d\/1x3KX0XFjOsNBp4Ob9rpW0kMWzUNa2dHp\/view?usp=sharing\">Descargar<\/a><\/span><\/strong><\/p>\n<p><strong>R\u00e9gimen Acad\u00e9mico Marco para el Nivel Superior (Resoluci\u00f3n 4196\/24) Anexo 2 Estudiante itinerante.<span style=\"color: #0000ff;\"> <a style=\"color: #0000ff;\" href=\"https:\/\/drive.google.com\/file\/d\/1Gh1yFnpkGQ_-pXgZdEfeeXUmfoBmUTF-\/view?usp=sharing\">Descargar<\/a><\/span><\/strong><\/p>\n<p><strong>R\u00e9gimen Acad\u00e9mico Marco para el Nivel Superior (Resoluci\u00f3n 4196\/24) Anexo 3 Propuestas pedag\u00f3gicas combinadas.<span style=\"color: #0000ff;\"> <a style=\"color: #0000ff;\" href=\"https:\/\/drive.google.com\/file\/d\/1SpwfJbe9aU7pjLzugqjMN1E9kJ7IkPpF\/view?usp=sharing\">Descargar<\/a><\/span><\/strong><\/p>\n<p><strong>&#8212;&#8212;&#8212;&#8212;&#8212;&#8212;&#8212;&#8212;&#8212;&#8212;&#8212;&#8212;&#8212;&#8212;&#8212;&#8212;&#8212;&#8212;&#8212;&#8212;&#8212;&#8212;&#8212;&#8212;&#8212;&#8212;&#8212;&#8212;&#8212;&#8212;&#8212;&#8212;&#8212;&#8211;<\/strong><\/p>\n<p><strong><span style=\"font-size: 12pt; font-family: verdana, geneva;\" data-mce-mark=\"1\">Disposici\u00f3n para alumnas embarazadas. <span style=\"color: #0000ff;\" data-mce-mark=\"1\"><a class=\"LinkModi\" style=\"color: #0000ff;\" title=\"https:\/\/isfd54-bue.infd.edu.ar\/aula\/archivos\/repositorio\/\/0\/247\/11273_Inasistecia_embarazadas.doc\" href=\"https:\/\/isfd54-bue.infd.edu.ar\/aula\/archivos\/repositorio\/\/0\/247\/11273_Inasistecia_embarazadas.doc\" target=\"_NEW\" rel=\"noopener\">Descargar<\/a><\/span><\/span><\/strong><\/p>\n<p><strong><span style=\"font-size: 12pt; font-family: verdana, geneva; color: #000000;\" data-mce-mark=\"1\">Plan de Evaluaci\u00f3n Institucional. <span style=\"color: #0000ff;\" data-mce-mark=\"1\"><a class=\"LinkModi\" style=\"color: #0000ff;\" title=\"https:\/\/isfd54-bue.infd.edu.ar\/aula\/archivos\/repositorio\/\/250\/261\/PEI_-2015_FINAL.doc\" href=\"https:\/\/isfd54-bue.infd.edu.ar\/aula\/archivos\/repositorio\/\/250\/261\/PEI_-2015_FINAL.doc\" target=\"_NEW\" rel=\"noopener\">Descargar<\/a><\/span><\/span><\/strong><\/p>\n<p><strong><span style=\"font-size: 12pt; font-family: verdana, geneva;\">Reglamento de Pr\u00e1cticas. <\/span><span style=\"font-size: 12pt; font-family: verdana, geneva; color: #0000ff;\"><a style=\"color: #0000ff;\" href=\"https:\/\/isfd54-bue.infd.edu.ar\/aula\/archivos\/repositorio\/\/0\/249\/ReglamentoPracticas_2015.pdf\">Descarga<\/a>r<\/span><\/strong><a href=\"https:\/\/isfd54-bue.infd.edu.ar\/aula\/archivos\/repositorio\/\/0\/249\/ReglamentoPracticas_2015.pdf\"><br \/>\n<\/a><\/p>\n","protected":false},"excerpt":{"rendered":"<p>&#8212;&#8212;&#8212;&#8212;&#8212;&#8212;&#8212;&#8212;&#8212;&#8212;&#8212;&#8212;&#8212;&#8212;&#8212;&#8212;&#8212;&#8212;&#8212;&#8212;&#8212;&#8212;&#8212;&#8212;&#8212;&#8212;&#8212;&#8212;&#8211; NUEVO REGIMEN ACAD\u00c9MICO PARA EL NIVEL SUPERIOR R\u00e9gimen Acad\u00e9mico Marco para el Nivel Superior (Resoluci\u00f3n 4196\/24) Anexo 1 Principios y disposicones generales. Descargar R\u00e9gimen Acad\u00e9mico Marco para el Nivel Superior (Resoluci\u00f3n 4196\/24) Anexo 2 Estudiante itinerante. Descargar R\u00e9gimen Acad\u00e9mico Marco para el Nivel Superior (Resoluci\u00f3n 4196\/24) Anexo 3 Propuestas pedag\u00f3gicas combinadas. Descargar &#8212;&#8212;&#8212;&#8212;&#8212;&#8212;&#8212;&#8212;&#8212;&#8212;&#8212;&#8212;&#8212;&#8212;&#8212;&#8212;&#8212;&#8212;&#8212;&#8212;&#8212;&#8212;&#8212;&#8212;&#8212;&#8212;&#8212;&#8212;&#8212;&#8212;&#8212;&#8212;&#8212;&#8211; Disposici\u00f3n &#8230; <a title=\"Normativas\" class=\"read-more\" href=\"https:\/\/isfd54-bue.infd.edu.ar\/sitio\/normativas\/\" aria-label=\"More on Normativas\">[+]<\/a><\/p>\n","protected":false},"author":1490,"featured_media":0,"parent":0,"menu_order":0,"comment_status":"closed","ping_status":"closed","template":"","meta":[],"acf":[],"_links":{"self":[{"href":"https:\/\/isfd54-bue.infd.edu.ar\/sitio\/wp-json\/wp\/v2\/pages\/844"}],"collection":[{"href":"https:\/\/isfd54-bue.infd.edu.ar\/sitio\/wp-json\/wp\/v2\/pages"}],"about":[{"href":"https:\/\/isfd54-bue.infd.edu.ar\/sitio\/wp-json\/wp\/v2\/types\/page"}],"author":[{"embeddable":true,"href":"https:\/\/isfd54-bue.infd.edu.ar\/sitio\/wp-json\/wp\/v2\/users\/1490"}],"replies":[{"embeddable":true,"href":"https:\/\/isfd54-bue.infd.edu.ar\/sitio\/wp-json\/wp\/v2\/comments?post=844"}],"version-history":[{"count":7,"href":"https:\/\/isfd54-bue.infd.edu.ar\/sitio\/wp-json\/wp\/v2\/pages\/844\/revisions"}],"predecessor-version":[{"id":4771,"href":"https:\/\/isfd54-bue.infd.edu.ar\/sitio\/wp-json\/wp\/v2\/pages\/844\/revisions\/4771"}],"wp:attachment":[{"href":"https:\/\/isfd54-bue.infd.edu.ar\/sitio\/wp-json\/wp\/v2\/media?parent=844"}],"curies":[{"name":"wp","href":"https:\/\/api.w.org\/{rel}","templated":true}]}}