{"id":1577,"date":"2021-05-18T23:14:53","date_gmt":"2021-05-19T02:14:53","guid":{"rendered":"https:\/\/isfd54-bue.infd.edu.ar\/sitio\/?page_id=1577"},"modified":"2025-12-23T16:30:25","modified_gmt":"2025-12-23T19:30:25","slug":"contactos-institucionales","status":"publish","type":"page","link":"https:\/\/isfd54-bue.infd.edu.ar\/sitio\/contactos-institucionales\/","title":{"rendered":"CONTACTOS INSTITUCIONALES"},"content":{"rendered":"<h4><strong>Comunicaci\u00f3n Institucional:<\/strong><\/h4>\n<p><strong>Direcci\u00f3n:<\/strong> <span style=\"font-size: inherit;\">isfd54fvarela@abc.gob.ar<\/span><\/p>\n<p><strong>Regencia:<\/strong> regenciaisfd54@gmail.com<\/p>\n<p><strong>Jefatura de \u00c1rea Prof. en Geograf\u00eda:<\/strong> jefaturadearea.geografia@gmail.com<\/p>\n<p><strong>Jefatura de \u00c1rea Prof. de Ed. Primaria:<\/strong>\u00a0coordprimaria54@gmail.com\u00a0<\/p>\n<p><strong>Jefatura de \u00c1rea Prof. de Ed. Inicial:<\/strong> coordinicial54@gmail.com<\/p>\n<p><strong>Biblioteca:<\/strong>\u00a0bibliotecaisfd54@gmail.com<\/p>\n<p><strong>T\u00edtulos:<\/strong> isfd54titulos@gmail.com<\/p>\n<div class=\"Normal1\"><strong><span lang=\"ES-AR\"><u>PRIMARIA<\/u><\/span><\/strong><\/div>\n<div class=\"Normal1\">T. Ma\u00f1ana\u00a0 &#8211; Silvina Acu\u00f1a \/ Juan Vilte: <span dir=\"ltr\" data-tooltip=\"Enviar correo\">primariatmpreceptoria@gmail.com<\/span><\/div>\n<div class=\"Normal1\">T. Tarde &#8211; Ezequiel Mamani: <span dir=\"ltr\" data-tooltip=\"Enviar correo\">primariatarde54@gmail.com<\/span><br \/><span dir=\"ltr\" data-tooltip=\"Enviar correo\">T. Vespertino: Graciela Faure: t.v.primariapreceptoragraciela@gmail.com<\/span><\/div>\n<div>\u00a0<\/div>\n<div class=\"Normal1\"><strong><span lang=\"ES-AR\"><u>INICIAL<\/u><\/span><\/strong><br \/><span lang=\"ES-AR\">T. Ma\u00f1ana Cintia \u00c1lvarez: precep.inicialtm54@gmail.com<\/span><br \/>T. Tarde: Marcela Gonz\u00e1lez: <span style=\"font-weight: 400;\">preceptoriainicialtt<\/span><span dir=\"ltr\" data-tooltip=\"Enviar correo\">@gmail.c<\/span><span dir=\"ltr\" data-tooltip=\"Enviar correo\">om<\/span><\/div>\n<div>\u00a0<\/div>\n<div class=\"Normal1\"><strong><span lang=\"ES-AR\"><u>GEOGRAF\u00cdA<\/u><\/span><\/strong><\/div>\n<div>Rodrigo Sandoval: preceptoria.geoisdf54@gmail.com<\/div>\n<div>\u00a0<\/div>\n<div class=\"Normal1\"><strong><span lang=\"ES-AR\"><u>HISTORIA<\/u><\/span><\/strong><br \/><span lang=\"ES-AR\">David Veloso: <\/span><span dir=\"ltr\" data-tooltip=\"Enviar correo\">historia.preceptoria@gmail.com<\/span><\/div>\n<div>Mar\u00eda Laura Luna: preceptoriahistoria34@gmail.com<\/div>\n<div>\u00a0<\/div>\n<div class=\"Normal1\"><strong><span lang=\"ES-AR\"><u>BIOLOG\u00cdA<\/u><\/span><\/strong><\/div>\n<div class=\"Normal1\"><span lang=\"ES-AR\">T. Tarde Rodrigo Sandoval: isfdbiologiattarde@gmail.com<\/span><br \/>T. Vespertino Sebasti\u00e1n Barbas: <span dir=\"ltr\" data-tooltip=\"Enviar correo\">barbassebastian07@gmail.com<\/span><\/div>\n<div>\u00a0<\/div>\n<div class=\"Normal1\"><strong><span lang=\"ES-AR\"><u>MATEM\u00c1TICA<\/u><\/span><\/strong><br \/>Alejandra Cosimi \/ Hern\u00e1n Kosten: <span dir=\"ltr\" data-tooltip=\"Enviar correo\">preceemmatematica20@gmail.com<\/span><\/div>\n<p>\u00a0<\/p>\n\n\n<p><\/p>\n\n\n\n<h4 class=\"wp-block-heading\"><\/h4>\n\n\n\n<p><\/p>\n","protected":false},"excerpt":{"rendered":"<p>Comunicaci\u00f3n Institucional: Direcci\u00f3n: isfd54fvarela@abc.gob.ar Regencia: regenciaisfd54@gmail.com Jefatura de \u00c1rea Prof. en Geograf\u00eda: jefaturadearea.geografia@gmail.com Jefatura de \u00c1rea Prof. de Ed. Primaria:\u00a0coordprimaria54@gmail.com\u00a0 Jefatura de \u00c1rea Prof. de Ed. Inicial: coordinicial54@gmail.com Biblioteca:\u00a0bibliotecaisfd54@gmail.com T\u00edtulos: isfd54titulos@gmail.com PRIMARIA T. Ma\u00f1ana\u00a0 &#8211; Silvina Acu\u00f1a \/ Juan Vilte: primariatmpreceptoria@gmail.com T. Tarde &#8211; Ezequiel Mamani: primariatarde54@gmail.comT. Vespertino: Graciela Faure: t.v.primariapreceptoragraciela@gmail.com \u00a0 INICIALT. Ma\u00f1ana Cintia &#8230; <a title=\"CONTACTOS INSTITUCIONALES\" class=\"read-more\" href=\"https:\/\/isfd54-bue.infd.edu.ar\/sitio\/contactos-institucionales\/\" aria-label=\"More on CONTACTOS INSTITUCIONALES\">[+]<\/a><\/p>\n","protected":false},"author":1098,"featured_media":0,"parent":0,"menu_order":0,"comment_status":"closed","ping_status":"closed","template":"","meta":[],"acf":[],"_links":{"self":[{"href":"https:\/\/isfd54-bue.infd.edu.ar\/sitio\/wp-json\/wp\/v2\/pages\/1577"}],"collection":[{"href":"https:\/\/isfd54-bue.infd.edu.ar\/sitio\/wp-json\/wp\/v2\/pages"}],"about":[{"href":"https:\/\/isfd54-bue.infd.edu.ar\/sitio\/wp-json\/wp\/v2\/types\/page"}],"author":[{"embeddable":true,"href":"https:\/\/isfd54-bue.infd.edu.ar\/sitio\/wp-json\/wp\/v2\/users\/1098"}],"replies":[{"embeddable":true,"href":"https:\/\/isfd54-bue.infd.edu.ar\/sitio\/wp-json\/wp\/v2\/comments?post=1577"}],"version-history":[{"count":27,"href":"https:\/\/isfd54-bue.infd.edu.ar\/sitio\/wp-json\/wp\/v2\/pages\/1577\/revisions"}],"predecessor-version":[{"id":5216,"href":"https:\/\/isfd54-bue.infd.edu.ar\/sitio\/wp-json\/wp\/v2\/pages\/1577\/revisions\/5216"}],"wp:attachment":[{"href":"https:\/\/isfd54-bue.infd.edu.ar\/sitio\/wp-json\/wp\/v2\/media?parent=1577"}],"curies":[{"name":"wp","href":"https:\/\/api.w.org\/{rel}","templated":true}]}}