{"id":1511,"date":"2021-05-18T21:48:08","date_gmt":"2021-05-19T00:48:08","guid":{"rendered":"https:\/\/isfd54-bue.infd.edu.ar\/sitio\/?page_id=1511"},"modified":"2024-07-30T20:36:15","modified_gmt":"2024-07-30T23:36:15","slug":"fonoaudiologia","status":"publish","type":"page","link":"https:\/\/isfd54-bue.infd.edu.ar\/sitio\/fonoaudiologia\/","title":{"rendered":"FONOAUDIOLOG\u00cdA"},"content":{"rendered":"<p><strong>Para proceder al apto fonoaudiol\u00f3gico deber\u00e1 presentarse en los siguientes d\u00edas y horarios:<\/strong><\/p>\n<p>Consultas:<\/p>\n<p><strong>Turno ma\u00f1ana:<\/strong> Lunes 8 a 12 hs<\/p>\n<p><strong>Turno tarde:<\/strong> Lunes 13.30 a 17 hs<\/p>\n<p><strong>Turno vespertino:<\/strong> Lunes 18 a 20 y Jueves a 17 a 18.30 hs<\/p>\n<p><strong>MAIL<\/strong>:<\/p>\n<p>greysgaona@hotmail.com<\/p>\n<p>vivianabarra@yahoo.com.ar<\/p>\n<h5 style=\"text-align: center;\"><\/h5>\n","protected":false},"excerpt":{"rendered":"<p>Para proceder al apto fonoaudiol\u00f3gico deber\u00e1 presentarse en los siguientes d\u00edas y horarios: Consultas: Turno ma\u00f1ana: Lunes 8 a 12 hs Turno tarde: Lunes 13.30 a 17 hs Turno vespertino: Lunes 18 a 20 y Jueves a 17 a 18.30 hs MAIL: greysgaona@hotmail.com vivianabarra@yahoo.com.ar<\/p>\n","protected":false},"author":1098,"featured_media":0,"parent":0,"menu_order":0,"comment_status":"closed","ping_status":"closed","template":"","meta":[],"acf":[],"_links":{"self":[{"href":"https:\/\/isfd54-bue.infd.edu.ar\/sitio\/wp-json\/wp\/v2\/pages\/1511"}],"collection":[{"href":"https:\/\/isfd54-bue.infd.edu.ar\/sitio\/wp-json\/wp\/v2\/pages"}],"about":[{"href":"https:\/\/isfd54-bue.infd.edu.ar\/sitio\/wp-json\/wp\/v2\/types\/page"}],"author":[{"embeddable":true,"href":"https:\/\/isfd54-bue.infd.edu.ar\/sitio\/wp-json\/wp\/v2\/users\/1098"}],"replies":[{"embeddable":true,"href":"https:\/\/isfd54-bue.infd.edu.ar\/sitio\/wp-json\/wp\/v2\/comments?post=1511"}],"version-history":[{"count":4,"href":"https:\/\/isfd54-bue.infd.edu.ar\/sitio\/wp-json\/wp\/v2\/pages\/1511\/revisions"}],"predecessor-version":[{"id":4366,"href":"https:\/\/isfd54-bue.infd.edu.ar\/sitio\/wp-json\/wp\/v2\/pages\/1511\/revisions\/4366"}],"wp:attachment":[{"href":"https:\/\/isfd54-bue.infd.edu.ar\/sitio\/wp-json\/wp\/v2\/media?parent=1511"}],"curies":[{"name":"wp","href":"https:\/\/api.w.org\/{rel}","templated":true}]}}